= -g**3 - g - 1. Let c(d) be the first derivative of d**4/4 + d**3 + 3*d**2 + 6*d + 32. Let s(z) = c(z) + 2*o(z). Give s(5).
-26
Let i(z) be the second derivative of z**5/20 - z**4/3 + 3*z**2/2 + 15*z. Give i(3).
-6
Let h(w) = 5*w + 15. Let f(s) = -4 - 5*s + 18 + 9*s. Let r(g) = 4*f(g) - 3*h(g). Let p be r(-7). Let l(q) = 2*q - 4. Calculate l(p).
4
Let d(c) = 10*c**3 + c**2. Suppose -5*t + 5 = 4*b - 4*t, -5*b + 5*t = 0. Determine d(b).
11
Let s(a) = -5*a - 8 + 42*a - 36*a. Calculate s(7).
-1
Let c(s) = s**2 - 9*s + 9. Let r(n) = n**2 - 2*n + 4. Let d be r(2). Let z be 1/(-2) - (-34)/4. Let m be (d/1)/(z/12). Determine c(m).
-9
Let f(i) be the third derivative of -7*i**4/12 - 11*i**3/2 + 10*i**2 - 35*i. What is f(-2)?
-5
Suppose -44 + 38 = -6*f. Suppose -3*z = -2*d + d - 4, -d = -4*z + 7. Let q(i) = z - 1 - i**3 - f + 0 + i. What is q(2)?
-5
Let h(p) be the second derivative of -p**3 + 11*p**2 + 51*p. Let i be h(3). Let q(a) = -a**3 + 5*a**2 - 3*a - 4. Determine q(i).
0
Let b be (4 + -1)*(1 - (-5)/15). Let v(c) = 160*c - 1 + b - 161*c. What is v(5)?
-2
Let p(s) = s - 1. Let l(h) = -h - 5 + 2 - 11 + 4*h. Let g be l(6). Suppose 15 = 2*z + 3*z + 5*a, 2*z = g*a - 18. Give p(z).
-2
Let l(h) = h - 3. Let a be -7 - (-22 + 5) - 1. What is l(a)?
6
Let l(x) = -2*x**2 + 60*x - 362. Let z be l(22). Let t(y) = -y**3 - 9*y**2 + 9*y - 8. Give t(z).
2
Let d(q) = -q**3 - 4*q**2 - q + 3. Let x be (0 - 6)*(-5)/6. Suppose 0*t - 2*t = -x*v - 2, -t = 3*v + 10. Calculate d(t).
7
Let h(b) = b**2 - 15*b - 22. Let j be 362/22 + (-132)/(-242). Determine h(j).
12
Let n be 6/(-4)*48/18. Let a(p) be the third derivative of -p**4/24 - p**3/6 + 21*p**2. What is a(n)?
3
Let o(c) = 4*c**2 + 2*c - 1. Suppose -2*f - f - 9 = 0. Calculate o(f).
29
Let f(g) be the first derivative of 3 - g**2 - 1/4*g**4 + 5/3*g**3 - g. Let x = 26 + -22. Calculate f(x).
7
Let m(a) be the second derivative of a**5/20 - 5*a**4/12 - a**3/3 + a + 21. What is m(3)?
-24
Let b(o) = -5*o**2 - 58*o - 26. Let f be b(-11). Let w(z) = -z + 8. Determine w(f).
1
Suppose -5*g + 4 = -c, g + 0 = -c - 4. Let a = c + 10. Let p(k) be the first derivative of -k**3/3 + 3*k**2 - 7*k + 983. Calculate p(a).
-7
Let t(o) = 3 + 4 + 9*o - 4*o**3 - 2 + 5*o**3 + 10*o**2. Let y be t(-9). Let d(f) = f - 4. Calculate d(y).
1
Let x(s) = 13*s - 1. Let p be (-12)/18 - 15/(-9). Give x(p).
12
Suppose -3*h = 3*f + 3, 2*f - 11 = h - 1. Let j(b) = -b**f + 4*b**2 - 4*b**2 + 5 + 5*b**2 - 6*b. Let i(g) = g**2 + 25*g + 70. Let v be i(-22). Determine j(v).
-3
Let y(l) be the third derivative of -l**7/5040 - l**6/120 - l**5/4 + 2*l**2. Let s(x) be the third derivative of y(x). Determine s(-8).
2
Let b(w) = w**2 + 7*w + 16. Let g be -15*(-4 + (-104)/(-24)). Calculate b(g).
6
Suppose -2*o - 16 = -3*o. Suppose 14*r - 3*r - 22 = 0. Suppose -o = r*c + 2*c. Let y(h) = -h**3 - 3*h**2 + 2*h - 1. What is y(c)?
7
Suppose -7*f + 6*f = 0. Suppose -3*w + 8*w - 5 = f. Let l(j) = 4*j**2 - 3*j**2 + j - 2*j. Give l(w).
0
Let m(j) = 2*j**2 + 3*j - 3. Suppose -5*a - 466 = 4*x, 3*a = 5*a + 5*x + 183. Let n = a + 91. Calculate m(n).
6
Let l(d) = 11*d**2 - 3*d - 4. Let r(z) = 8*z**2 - 5*z - 4. Let u(s) = 3*l(s) - 4*r(s). Give u(-11).
4
Let i = 64 - 62. Let z(g) = g**2 - 3*g + 2. Let q be z(3). Let v = q + i. Let p(b) = b**2 - 6*b + 2. Determine p(v).
-6
Let t(m) be the first derivative of 2 - m + 1/3*m**3 - 2*m**2. Suppose 26 - 9 + 17 = 17*s. Calculate t(s).
-5
Suppose 2*m = 5 + 229. Let a be m/45 - 4/(-10). Let d(l) = -a + 5*l - 3 + 5. Determine d(-1).
-6
Let x(u) = u**3 - 9*u**2 - 5*u - 5. Let o(z) = 6*z**3 - 45*z**2 - 25*z - 23. Let a(l) = 2*o(l) - 11*x(l). Determine a(-8).
33
Let m(a) = -a**2 + 3*a - 4. Let j = 30 + -27. Suppose -30 + 36 = j*p. Suppose v = -p*v + 9. Calculate m(v).
-4
Let b(a) = -a**2 - 11*a - 8. Let l(h) = h + 1. Let g(q) = -b(q) - 6*l(q). Give g(-3).
-4
Let u(c) = 4*c + 2. Let p(a) = 3*a + 1. Let f(k) = 5*p(k) - 4*u(k). Determine f(0).
-3
Let l(a) = -a**2 + 2*a + 13. Let s be 8/16*-2*-6. Determine l(s).
-11
Let k be 1/(-2 + 1) + 0. Let j(d) = 17*d - 18*d - d**2 - 3 + 2 + 2. Let y(a) = -a**2 + a - 5. Let v(h) = k*y(h) + 2*j(h). What is v(-5)?
-3
Suppose -4*b + 3*t + 3 = -28, 0 = -4*b + t + 21. Let o(r) = 4*r + 5. What is o(b)?
21
Let v(l) = l**2 + 7*l + 8. Let w(i) = -5*i**2 - 29*i - 31. Let a(n) = -9*v(n) - 2*w(n). Let s be (-6)/4*140/(-30). Determine a(s).
4
Let r(j) = j**3 + 5*j**2 - 7*j + 2. Suppose 0 = -29*q - 243 + 69. Determine r(q).
8
Let c(f) = -f**3 - 11*f**2 + 1. Let d be c(-11). Suppose -d + 7 = 2*g. Suppose 10 = 8*o - g*o. Let z(u) = 2*u + 2. Determine z(o).
6
Let s(o) = 7*o**3 + 6*o**2 - 2. Let v = 23 - 12. Let j(c) = 13*c**3 + 11*c**2 - 5. Let t(q) = v*s(q) - 6*j(q). Give t(0).
8
Let s(l) = -3*l - 4. Suppose -11*p = 8 + 25. What is s(p)?
5
Let f(t) = -t**3 + 2*t**2 + 3*t - 3. Let v be f(3). Let h(k) = -12*k - 1. Give h(v).
35
Let c(k) = -k + 1. Let w = 29 - 17. Suppose -3*q + 2*d - 4 = 0, -5*q - 10*d = -12*d + w. Calculate c(q).
5
Let y = -26 + 68. Let a be 98/y - 1/3. Let h(s) = 5*s**a - s - 2 - 3*s**2 - s**2. What is h(3)?
4
Let u(g) = -2*g + 7. Let r be u(6). Let c(n) = n**3 + 15*n**2 - 15*n + 20. Let v be c(-16). Let a(s) = 12*s - 5 + s**2 + v - 5*s + 0. Give a(r).
-11
Suppose 6*c - c = 0. Let s(o) = o**2 - 66*o + 152*o + 8 - 85*o. Determine s(c).
8
Let d(s) = -4*s**2 + 30193*s + 30193*s - 60386*s - 4 - 2*s**3. Calculate d(-3).
14
Let v(j) be the first derivative of -j**4/4 + 33*j + 109. Give v(0).
33
Let i = -202 - -197. Let p(x) be the third derivative of -x**4/24 + x**3/3 - 3*x**2. Calculate p(i).
7
Let y(w) = w**2 + 2*w. Let z(p) = -3 - 2*p + p**2 + 2*p**3 - 4*p**3 + 3*p**3. Let q(c) = -c**2 + 3*c + 8. Let k be q(5). Let u be z(k). Give y(u).
3
Let u(q) = 15*q - 6 + 2*q**2 + 16*q - q**2 - 51*q + 33*q. Determine u(-14).
8
Let o = -2 - -4. Let v(t) = 6*t - 2. Let y(u) = -3*u + 16*u - 2 - 8*u. Let l(q) = 4*v(q) - 5*y(q). Calculate l(o).
0
Let y(d) be the third derivative of 0*d - 25*d**2 + 0 + 0*d**4 + 0*d**3 - 4/15*d**5. Calculate y(1).
-16
Let i(w) = 161 - 6*w - 2*w - 162. Calculate i(-1).
7
Let r(z) = z**2 + 10*z - 11. Let x be r(-11). Let g(f) = x*f - 4*f + 6*f - 4 - f. What is g(-5)?
-9
Let r(x) = 7*x + 296. Let p be r(-43). Let m(s) = s**2 + 4*s - 2. Determine m(p).
3
Let m(z) = -z**3 + 4. Suppose -3*i + 2*f + 44 = 0, 2*f + 0*f + 62 = 4*i. Let d = -18 + i. What is m(d)?
4
Let f(t) = 4 - 14 + 2015*t**3 - 2014*t**3 + 8*t + 4*t - 9*t**2. Calculate f(8).
22
Let p(o) = -6*o**2 - 1. Let y(d) be the first derivative of 2*d**3 + 1/2*d**2 - 1/4*d**4 + 1 - 7*d. Let a be y(6). Determine p(a).
-7
Let w(b) = 2*b**2 + 3*b**2 - 4*b**2 + 2*b. Let z be (-3 - -9) + -3*80/30. Calculate w(z).
0
Let y(b) = -81 - 5*b + b**2 + 2*b + 146 - 72. Determine y(6).
11
Let y(k) = 4*k + 35. Let m(n) = -7*n - 71. Let s(p) = -6*m(p) - 11*y(p). Calculate s(24).
-7
Let q be 7*((-172)/(-28) + -3). Suppose 26*u = q*u. Let g(d) = d**2 - d - 2. Give g(u).
-2
Let i(z) be the first derivative of -z**4/4 + 2*z**3 - 5*z**2/2 + 2*z - 80. What is i(4)?
14
Let n = -1 + -5. Let h(y) be the third derivative of 0 + 0*y - 8*y**2 + 1/3*y**3 + 1/60*y**5 + 1/4*y**4. Determine h(n).
2
Let z(b) = -b + 8. Let l be (-18 - (3 + -6))/1. Let a be (-14)/105 - 122/l. Give z(a).
0
Let d(r) = -5*r**3 - 5*r**2 - 6*r - 7. Let a(s) = -6*s**3 - 6*s**2 - 7*s - 8. Let h(x) = -6*a(x) + 7*d(x). Determine h(-1).
-1
Let t(a) = -7*a**2 - 4. Let b(z) = -z**2 + z. Let w(i) = -5*b(i) + t(i). Let n(u) = -u**2 + 34*u - 289. Let p be n(15). Calculate w(p).
-16
Let l(x) = x**3 + 46*x**2 + 3 + 49*x**2 + 47*x**2 - 2*x + 0*x - 145*x**2. Give l(4).
11
Let m(i) be the second derivative of -i**5/20 - i**4/2 + 3*i**3/2 + 9*i**2/2 - 8*i + 2. Let k = -22 + 15. Determine m(k).
-5
Let r = 152 + -147. Let v(a) = r*a + 11*a - 14*a. Determine v(-1).
-2
Let a(y) = -6*y + 2 - 7*y**2 + 2*y + 6*y**2. Let h(g) = -g**3 + 3*g**2 - 4*g. Let l be h(2). Let s be -2 + 1 + 1 + l. Give a(s).
2
Let m(u) = u**3 - 2*u + 1. Let a be (-531)/45 + 1/(-5). Let b = a - -9. Let y = -5 - b. What is m(y)?
-3
Let c(p) = p**2 + p. Let s(h) be the first derivative of 2*h**3 - h**2/2 - 9*h + 6. Let v(b) = 5*c(b) - s(b). Calculate v(7).
2
Suppose 0 = 3*i - 3*v + 30, 5*i - v + 2*v + 44 = 0. Let q(h) = 5*h**2 + 10*h - 9. Let c(w) = 11*w**2 + 2